emainder when 1112 is divided by 36.
32
Calculate the remainder when 1768 is divided by 387.
220
Calculate the remainder when 74 is divided by 61.
13
Calculate the remainder when 7386 is divided by 493.
484
What is the remainder when 131 is divided by 66?
65
What is the remainder when 490 is divided by 41?
39
Calculate the remainder when 5 is divided by 3.
2
Calculate the remainder when 2087 is divided by 173.
11
Calculate the remainder when 3725 is divided by 69.
68
Calculate the remainder when 82 is divided by 57.
25
What is the remainder when 667 is divided by 19?
2
Calculate the remainder when 609 is divided by 68.
65
Calculate the remainder when 1193 is divided by 46.
43
What is the remainder when 3799 is divided by 25?
24
Calculate the remainder when 142 is divided by 31.
18
Calculate the remainder when 446 is divided by 414.
32
What is the remainder when 507 is divided by 85?
82
What is the remainder when 72 is divided by 33?
6
Calculate the remainder when 2833 is divided by 4.
1
What is the remainder when 633 is divided by 168?
129
Calculate the remainder when 245 is divided by 23.
15
Calculate the remainder when 1422 is divided by 15.
12
Calculate the remainder when 203 is divided by 41.
39
Calculate the remainder when 1295 is divided by 108.
107
Calculate the remainder when 1972 is divided by 41.
4
Calculate the remainder when 484 is divided by 470.
14
Calculate the remainder when 76 is divided by 50.
26
What is the remainder when 2041 is divided by 31?
26
What is the remainder when 72 is divided by 14?
2
What is the remainder when 881 is divided by 9?
8
What is the remainder when 180 is divided by 91?
89
Calculate the remainder when 7679 is divided by 160.
159
What is the remainder when 87 is divided by 48?
39
Calculate the remainder when 444 is divided by 427.
17
Calculate the remainder when 5994 is divided by 315.
9
Calculate the remainder when 577 is divided by 172.
61
What is the remainder when 18 is divided by 10?
8
What is the remainder when 3365 is divided by 41?
3
What is the remainder when 799 is divided by 7?
1
What is the remainder when 65 is divided by 18?
11
What is the remainder when 920 is divided by 107?
64
Calculate the remainder when 431 is divided by 8.
7
What is the remainder when 157 is divided by 55?
47
Calculate the remainder when 119 is divided by 28.
7
Calculate the remainder when 63 is divided by 4.
3
Calculate the remainder when 394 is divided by 131.
1
What is the remainder when 307 is divided by 24?
19
Calculate the remainder when 124 is divided by 50.
24
What is the remainder when 103 is divided by 26?
25
Calculate the remainder when 242 is divided by 28.
18
What is the remainder when 43 is divided by 27?
16
What is the remainder when 119 is divided by 100?
19
What is the remainder when 120 is divided by 42?
36
What is the remainder when 89 is divided by 5?
4
Calculate the remainder when 12849 is divided by 42.
39
What is the remainder when 239 is divided by 27?
23
What is the remainder when 145 is divided by 14?
5
What is the remainder when 8535 is divided by 44?
43
What is the remainder when 978 is divided by 49?
47
What is the remainder when 1439 is divided by 34?
11
What is the remainder when 66 is divided by 17?
15
Calculate the remainder when 625 is divided by 20.
5
What is the remainder when 115 is divided by 24?
19
Calculate the remainder when 203 is divided by 44.
27
Calculate the remainder when 129 is divided by 39.
12
Calculate the remainder when 22218 is divided by 27.
24
Calculate the remainder when 81 is divided by 33.
15
Calculate the remainder when 91 is divided by 37.
17
Calculate the remainder when 171 is divided by 90.
81
What is the remainder when 606 is divided by 303?
0
What is the remainder when 138 is divided by 24?
18
What is the remainder when 1263 is divided by 158?
157
Calculate the remainder when 3068 is divided by 9.
8
What is the remainder when 126 is divided by 49?
28
What is the remainder when 956 is divided by 150?
56
Calculate the remainder when 83 is divided by 43.
40
Calculate the remainder when 66 is divided by 51.
15
What is the remainder when 130 is divided by 70?
60
Calculate the remainder when 537 is divided by 18.
15
Calculate the remainder when 27 is divided by 10.
7
Calculate the remainder when 655 is divided by 340.
315
What is the remainder when 1445 is divided by 119?
17
Calculate the remainder when 250 is divided by 57.
22
What is the remainder when 446 is divided by 25?
21
What is the remainder when 1027 is divided by 135?
82
What is the remainder when 184 is divided by 74?
36
Calculate the remainder when 64 is divided by 26.
12
Calculate the remainder when 110 is divided by 19.
15
Calculate the remainder when 1220 is divided by 244.
0
What is the remainder when 228 is divided by 42?
18
What is the remainder when 454 is divided by 35?
34
Calculate the remainder when 159 is divided by 49.
12
What is the remainder when 2889 is divided by 79?
45
Calculate the remainder when 38 is divided by 12.
2
What is the remainder when 108 is divided by 57?
51
What is the remainder when 205 is divided by 30?
25
What is the remainder when 1843 is divided by 168?
163
Calculate the remainder when 2922 is divided by 17.
15
What is the remainder when 1198 is divided by 135?
118
What is the remainder when 752 is divided by 248?
8
Calculate the remainder when 962 is divided by 19.
12
Calculate the remainder when 73 is divided by 27.
19
What is the remainder when 384 is divided by 95?
4
What is the remainder when 354 is divided by 24?
18
What is the remainder when 173 is divided by 87?
86
What is the remainder when 1563 is divided by 92?
91
Calculate the remainder when 675 is divided by 98.
87
What is the remainder when 154 is divided by 27?
19
What is the remainder when 36670 is divided by 169?
166
What is the remainder when 88 is divided by 18?
16
Calculate the remainder when 12391 is divided by 3096.
7
Calculate the remainder when 129 is divided by 6.
3
Calculate the remainder when 409 is divided by 405.
4
What is the remainder when 1500 is divided by 101?
86
What is the remainder when 77 is divided by 58?
19
What is the remainder when 2009 is divided by 168?
161
Calculate the remainder when 14 is divided by 3.
2
What is the remainder when 515 is divided by 110?
75
Calculate the remainder when 1308 is divided by 69.
66
Calculate the remainder when 4188 is divided by 321.
15
What is the remainder when 10580 is divided by 18?
14
What is the remainder when 7481 is divided by 2?
1
Calculate the remainder when 1219 is divided by 135.
4
Calculate the remainder when 269 is divided by 121.
27
Calculate the remainder when 1301 is divided by 219.
206
Calculate the remainder when 2199 is divided by 71.
69
What is the remainder when 504 is divided by 20?
4
Calculate the remainder when 52 is divided by 30.
22
Calculate the remainder when 331 is divided by 37.
35
What is the remainder when 3425 is divided by 1134?
23
Calculate the remainder when 44 is divided by 12.
8
Calculate the remainder when 383 is divided by 334.
49
Calculate the remainder when 29018 is divided by 6.
2
Calculate the remainder when 111 is divided by 25.
11
Calculate the remainder when 621 is divided by 25.
21
What is the remainder when 338 is divided by 100?
38
Calculate the remainder when 798 is divided by 776.
22
What is the remainder when 38373 is divided by 156?
153
What is the remainder when 3479 is divided by 579?
5
Calculate the remainder when 151 is divided by 23.
13
Calculate the remainder when 539 is divided by 63.
35
Calculate the remainder when 642 is divided by 82.
68
What is the remainder when 2745 is divided by 145?
135
What is the remainder when 6337 is divided by 6?
1
Calculate the remainder when 1720 is divided by 46.
18
Calculate the remainder when 113 is divided by 23.
21
Calculate the remainder when 742 is divided by 62.
60
Calculate the remainder when 2913 is divided by 20.
13
Calculate the remainder when 578 is divided by 73.
67
Calculate the remainder when 880 is divided by 49.
47
Calculate the remainder when 294 is divided by 61.
50
What is the remainder when 272 is divided by 90?
2
Calculate the remainder when 453 is divided by 57.
54
Calculate the remainder when 3601 is divided by 68.
